/3*h**3 + 1/4*h**4. What is o(3)?
3
Let l(f) = -f**3 + 21*f**2 - 20*f + 31. Suppose -3*k + 30 = 5*y, -609*y = -3*k - 605*y + 84. What is l(k)?
31
Let b(r) = -92*r + 1846. Let t be b(20). Let k(h) = -h**3 + 4*h**2 + 12*h - 3. Determine k(t).
-3
Let y(s) be the first derivative of -s**4/12 + 5*s**3/6 - 2*s**2 - 123*s - 92. Let r(w) be the first derivative of y(w). Determine r(7).
-18
Let y(j) = -16*j**2 + 3*j + 121. Let q(l) = -14*l**2 + 2*l + 107. Let b(t) = 7*q(t) - 6*y(t). Determine b(-5).
-7
Let y(k) = -k**2 - 4*k + 1. Let i be 0/1 + (-9 - -11). Suppose s - 10 = -2*h, -3*h + 4 = -i*s - 4. Let f be (15 - 13)*(-10)/h. Calculate y(f).
-4
Suppose -20 = 5*z, -3*z - 14 = 8*a - 7*a. Let i be ((-18)/27)/((-2)/15). Let x(q) = i + 0*q - 2 + 5*q. Determine x(a).
-7
Let g(d) = -11*d - 21. Let h(f) = 9*f + 20. Let a(o) = 5*g(o) + 6*h(o). Let i be (7 + -11 + 5)*(-1 - -1). What is a(i)?
15
Let v(w) = 10*w**2 + 14*w + 2. Let l(j) = 13*j**2 + 16*j + 1. Let k(s) = 3*l(s) - 4*v(s). Let t be (3*3/9)/((-2)/12). What is k(t)?
7
Let a(x) = x**3 + 17*x**2 - 309*x - 22. Let h be a(-28). Let f(l) = -2*l**2 - 29*l + 255. Calculate f(h).
9
Suppose -3*n - 2*n = 2*y - 6, 0 = 3*y + 2*n - 9. Let b(x) = -2*x**2 - y*x**2 + 2*x + 3*x**2 + 3*x**2 - 7. Suppose 216 = -44*i - 4. Calculate b(i).
8
Let c be ((-21)/(-12))/(2/(-8)). Let p(l) be the first derivative of 7/3*l**3 + 1/4*l**4 + 0*l**2 - 5*l + 37. What is p(c)?
-5
Let d(u) = u**3 + 4*u**2 + 7*u + 75. Let j(b) = b**3 + 5*b**2 + 9*b + 82. Let l(s) = -6*d(s) + 5*j(s). Give l(0).
-40
Suppose 1 + 1 = 2*g. Let m be g/(-2) - (-9)/2. Let o(u) be the first derivative of 5*u**2/2 - 6*u + 398. Give o(m).
14
Let c(m) be the first derivative of -5*m**2/2 + 73*m + 1553. What is c(16)?
-7
Let s(y) = 801*y**2 - 796*y**2 - 4*y + 0 - 5 + y + 5*y. Give s(-2).
11
Let d(t) = 15*t**3 + 41*t**2 + 2*t + 21. Let m(l) = -1 + 19*l**2 + 6 - 8*l + 9*l + 7*l**3 + 5. Let g(j) = 6*d(j) - 13*m(j). Determine g(0).
-4
Let x(z) = -z**2 + 4*z + 11. Let t be x(5). Suppose -4*r + 2*r - t = 0. Let u(b) = -2*b**2 - 3*b + 1. Determine u(r).
-8
Let f(j) = 2*j + 40. Suppose 4*s - 327 = -z, -2*z - 414 = -5*s + 2*z. Suppose 4*w + s = 3*p, -81 + 22 = 3*w - p. What is f(w)?
2
Let c(l) = -5*l + 71. Let x be c(14). Let t(y) = 2 + 45*y + 0 - x - 43*y. Calculate t(6).
13
Let d(h) = -4*h**3 - 2*h**2 - 2*h - 21 - 19*h**3 + 20. Let w(s) = -17*s**3 + 356*s**2 + 23*s - 43. Let i be w(21). Calculate d(i).
22
Let w(s) = -16 + 393*s + s**3 - 204*s + 2*s**2 - 193*s. What is w(-3)?
-13
Let d(s) be the second derivative of -s**2 + 0 - 1/12*s**4 + 0*s**3 + 6*s. Suppose -5*f = -4*a - 3, -f = 2*f + 4*a - 21. Determine d(f).
-11
Let x(d) = 4*d + 312. Let a(o) = -o - 234. Let j(r) = -4*a(r) - 3*x(r). Suppose 4*l - 3*w + 8*w = 21, -29 = 4*l - 5*w. Determine j(l).
8
Let i be (30/(-200))/(6/(-50))*-4. Let v(m) = -17*m - 22. Determine v(i).
63
Let v(h) = 9*h**3 + h**2. Let s be v(1). Let q(u) = s*u - 4*u - 7*u - 17*u**2. Let r = 430 + -429. Calculate q(r).
-18
Let i(w) = 282*w - 9 + 12 - 37 - 308*w. Calculate i(-1).
-8
Let q(x) = -4*x**3 + 10*x**2 - x + 8. Let v(g) = 11*g**3 - 30*g**2 + 3*g - 25. Let k(b) = 8*q(b) + 3*v(b). Let y = -125700 - -125710. Give k(y).
-1
Let s(z) = -11*z**2 - 2*z - 4. Let d be ((-2)/(-3))/(12/18)*(61 - 63). What is s(d)?
-44
Let m(b) = -3*b**2 - 3*b - 1. Let j(g) be the second derivative of g**4/12 - 25*g**3/6 - 76*g**2 + 72*g. Let d be j(30). Calculate m(d).
-7
Let f(b) = b**2 - 25*b + 106 - 300 - 12*b. Let k be f(-5). Let x(s) = -s + 5. Give x(k).
-11
Let l(x) = 7*x - 20. Let z(w) = 3*w - 7. Let d(c) = l(c) - 3*z(c). Let b be 5*(0 + 2/5). What is d(b)?
-3
Suppose -11*o = -18*o + 21. Let a be (-8 + 6)/(2/o). Let w(d) = -d**3 - 3*d**2 - d - 3. Give w(a).
0
Let k(h) be the first derivative of -4*h**3/3 - 43*h**2/2 - 12*h + 6106. What is k(-10)?
18
Let q(s) = s + 1. Suppose 0 = -3*j + 8 - 41. Let p(a) = a**2 + 11*a + 10. Let u be p(j). Let f be 18*(-1)/((-5)/(u/6)). Determine q(f).
7
Let f(x) = 6*x - 62. Let p be f(11). Let k be 17/(-4) + 1/p. Let n(s) = 2*s**2 + 4*s - 2. Give n(k).
14
Let m(y) = 4*y. Suppose 2*z - 4*l - 4 = 0, 2*l + 19 = 2*z + 3*l. Let s be 2/z - 1/4. Suppose 0 = 9*u - s*u + 18. What is m(u)?
-8
Let d(k) = -k + 1. Let v(g) = 7*g + 2. Let p(c) = -5*d(c) - v(c). Let z be (1*35/(-5))/((-3)/(-3)). Calculate p(z).
7
Let b(f) = -f**2 + 15*f + 17. Let l = -162 - -179. Let o(h) = -3*h**2 + 44*h + 50. Let r(g) = l*b(g) - 6*o(g). What is r(11)?
11
Let a(v) = v**2 - v - 11. Let i be 162/14 + -15 - (-12)/28. Calculate a(i).
1
Let i(d) = -2*d + 147. Let s be i(74). Let l(v) = -10*v**2 + v - 1. Give l(s).
-12
Let y(g) = g**3 + 8*g**2 + 3*g + 11. Suppose 0 = 5*x - 12 - 3. Suppose -2*q + w + 3 = 4*w, -x*w + 12 = -q. Let m be (3/q - -5) + (-168)/14. What is y(m)?
-13
Let f(d) = d - 2*d - 4*d + 3 + d**2. Suppose 33 = -5*z + 143. Suppose -106*n + z = -95*n. What is f(n)?
-3
Let q(d) = 10*d + 335 + 0*d - 4*d + 3*d + 5*d. Let w be q(-24). Let b(v) = 1 + v**2 - v + v**2 - 2*v**3 + 3*v. Calculate b(w).
3
Let v = 346 + -529. Let h = v - -107. Let a = -74 - h. Let w(l) = l**3 - 3*l**2 + 2*l - 3. What is w(a)?
-3
Let m(g) = 6*g**3 - 18*g**2 - 7. Let u(n) = -2*n**3 + 7*n**2 + n + 1. Let h(q) = m(q) + 2*u(q). What is h(3)?
19
Let r(v) = 2*v + 2. Suppose -6*i = -i - 350. Let n = 68 - i. Determine r(n).
-2
Let v(j) = -3*j - 86. Suppose -2*a - 22 = 2*r, -3*a - 36 = 7*r - 5*r. Determine v(a).
-44
Let h(c) be the second derivative of c**5/20 + c**3/2 - c**2 - 2762*c. What is h(0)?
-2
Let h = -8625 + 8625. Let d(y) = 2*y**2 + y**3 - 2*y**3 + y + 5 - 3*y**2. What is d(h)?
5
Let i(q) be the third derivative of -84*q**2 - 1/2*q**3 - 7/24*q**4 + 0*q + 0. Let f(d) = -2*d + 3. Let p be f(3). Calculate i(p).
18
Let y(d) be the first derivative of d**5/60 - d**4/12 + 4*d**3/3 + d + 12. Let r(u) be the third derivative of y(u). Give r(-6).
-14
Let l be (-4)/(23/46*8/(-7)). Let a be (-480)/28 - 2*l/(-98). Let q(d) = -d**3 - 16*d**2 + 16*d - 14. Determine q(a).
3
Let q = -221 - -224. Let k(u) = -7*u**3 + 3*u**2 - 19*u - 5. Let w(n) = 5*n**3 - 4*n**2 + 19*n + 7. Let d(h) = q*k(h) + 4*w(h). Calculate d(-9).
4
Let i = 120 - 123. Suppose -6*z = -2*z - 2*u - 2, 5*u - 5 = 0. Let x(o) = 3*o**2 + z - 17*o + o**3 + 0*o**2 + 17*o. Determine x(i).
1
Let f = 1503 - 1496. Suppose 2*i - 4 = 0, 3*u - 2*i = 2*u + 1. Let o(c) = c - 4*c + 5*c - u - 3*c. Calculate o(f).
-12
Let h(t) = t**3 + 10*t**2 + 9*t - 6. Let k(n) = n**2 + n - 1. Let j(z) = h(z) + 3*k(z). What is j(-12)?
-9
Let x be 14/(-77) + (-119)/11. Let k(r) = -r**3 - r**2 - r + 6. Let o(h) = 2*h + 86 - 97 + 2*h**3 + 0*h**3 + 2*h**2. Let t(a) = x*k(a) - 6*o(a). Give t(-2).
6
Let i(c) be the first derivative of 11*c**2 - 238*c - 8285. Give i(11).
4
Let m(d) = d**3 - 4*d**2 - 3*d - 7. Let u be -2 - 1 - (-18)/2. Suppose 0 = 11*x - 13*x + 22. Let z = x - u. Determine m(z).
3
Let o(c) = 24*c - 33. Let b(i) be the first derivative of -13*i**2/2 + 17*i - 100. Let s(m) = 11*b(m) + 6*o(m). What is s(10)?
-1
Let d(i) = 13*i**2 - 3*i + 15. Let u(r) = -6*r**2 + r - 6. Let a(l) = 2*d(l) + 5*u(l). Determine a(-2).
-14
Let h(r) = -30*r**2 - 168*r + 70. Let x(b) = -17*b**2 - 94*b + 40. Let z(g) = 9*h(g) - 16*x(g). Give z(3).
-16
Let n be (-26)/10*(-5)/(-4)*-4. Let g(a) = -114*a - n - 115*a + 228*a. Give g(-8).
-5
Let c be 240/260 + 2/26. Let r(s) = -12*s**3 + s**2 + 4*s - 5. What is r(c)?
-12
Let n(t) be the first derivative of 63*t**4/4 + t**3/3 - t**2/2 - t - 2639. Calculate n(1).
62
Let m(q) = 3*q + 10. Let o be m(-6). Let r be ((-34)/(-17))/((-1)/o). Let u = 12 - r. Let f(v) = -v**3 - 4*v**2 + 4. Give f(u).
4
Let d(p) = -315*p + 3*p**2 - 2 - 4*p**3 - p**3 + 0*p**3 - p**2 + 313*p. Determine d(-2).
50
Let i(u) = -u + 15*u - u**2 - 7 - 14*u + 6*u. Suppose 3*y - 5*j - 25 = 2*y, y + 11 = -4*j. Give i(y).
-2
Let h(c) = -6*c - 4. Suppose 7*p - 13*p = 6. Let t be h(p). Let q(d) = -5*d**3 + 0*d**t - d**2 - 2*d**3 + d + 3*d**2. Give q(-1).
8
Let i(l) = -l**3 + 7*l**2 - 10*l + 14. Suppose 1212 = -16*t + 101*t + 218*t. Determine i(t).
22
Let v be -3*(1 + 5/(-3)). Let y(u) = 0 - 1043704*u**3 + 0 + u + 1043703*u**3. Give y(v).
-6
Let i = -258 + 285. Suppose -10*y - 33 = i. Let u(d) = -2*d**2 - 11*d + 1. Give u(y).
-5
Let c(d) = 8 - d**2 + 0*d**2 + 12 - 16 + 6*d. Let n be (-1